{"id":152,"date":"2025-03-29T02:20:00","date_gmt":"2025-03-29T01:20:00","guid":{"rendered":"https:\/\/first-responder.at\/?page_id=152"},"modified":"2026-03-29T17:23:32","modified_gmt":"2026-03-29T16:23:32","slug":"unsere-mitarbeiter","status":"publish","type":"page","link":"https:\/\/first-responder.at\/?page_id=152","title":{"rendered":"UNSERE MITARBEITER &#038; MITARBEITERINNEN"},"content":{"rendered":"\n<h2 class=\"wp-block-heading\">Unsere Mitarbeiter und Ihre Motivation<\/h2>\n\n\n\n<hr class=\"wp-block-separator has-alpha-channel-opacity\"\/>\n\n\n\n<figure class=\"wp-block-image size-large\"><img loading=\"lazy\" decoding=\"async\" width=\"1024\" height=\"1015\" src=\"https:\/\/first-responder.at\/wp-content\/uploads\/2025\/04\/IMG_3039-1024x1015.jpeg\" alt=\"\" class=\"wp-image-177\" srcset=\"https:\/\/first-responder.at\/wp-content\/uploads\/2025\/04\/IMG_3039-1024x1015.jpeg 1024w, https:\/\/first-responder.at\/wp-content\/uploads\/2025\/04\/IMG_3039-300x297.jpeg 300w, https:\/\/first-responder.at\/wp-content\/uploads\/2025\/04\/IMG_3039-150x150.jpeg 150w, https:\/\/first-responder.at\/wp-content\/uploads\/2025\/04\/IMG_3039-768x761.jpeg 768w, https:\/\/first-responder.at\/wp-content\/uploads\/2025\/04\/IMG_3039-1536x1523.jpeg 1536w, https:\/\/first-responder.at\/wp-content\/uploads\/2025\/04\/IMG_3039-2048x2030.jpeg 2048w\" sizes=\"auto, (max-width: 1024px) 100vw, 1024px\" \/><\/figure>\n\n\n\n<h2 class=\"wp-block-heading\"><br>Unsere roten Engel<\/h2>\n\n\n\n<p><br>Damit unsere Arbeit funktioniert, ben\u00f6tigen wir finanzielle Unterst\u00fctzung. Diese kommt einzig und allein von unseren gesch\u00e4tzten F\u00f6rdermitgliedern und freiwilligen Spendern. Vanessa, Katharina, Peter und Shadi sind f\u00fcr unsere F\u00f6rdermitglieder zust\u00e4ndig und beantworten alle Fragen zu den Mitgliedschaften.<\/p>\n\n\n\n<p>Wir freuen uns \u00fcber jedes neue Mitglied, dass wir begr\u00fcssen d\u00fcrfen und bedanken uns f\u00fcr Ihre grossz\u00fcgige Unterst\u00fctzung.<\/p>\n\n\n\n<p>Verantwortlich f\u00fcr die Mitgliederbetreuung (F\u00f6rdermitglieder) ist Hanna Szabo. Verantwortlich f\u00fcr die Mittelverwendung unsere Kassierin Dina Pichler. Datenschutzbeauftragter ist Stefan Kaindl.<\/p>\n\n\n\n<p class=\"has-vivid-red-color has-text-color has-link-color wp-elements-541e302a2e8f6e638fdf68bc84f3825f\" style=\"text-decoration:underline\">Du erreichst unsere administrativen Mitarbeiter unter<\/p>\n\n\n\n<p>hanna@first-responder.at (F\u00f6rdermitglieder-Betreuung)<\/p>\n\n\n\n<p>kassier@first-responder.at (Mittelverwendung)<\/p>\n\n\n\n<p>stefan@first-responder.at (Datenschutzbeauftragter)<\/p>\n\n\n\n<p>Auch im B\u00fcro arbeiten alle ehrenamtlich, daher bitte um Verst\u00e4ndnis, wenn eine Antwort mal 1-2 Tage dauert. Vielen Dank!<\/p>\n\n\n\n<p><\/p>\n\n\n\n<p>Am Einfachsten k\u00f6nnen Sie \u00fcber diesen Button eine einmalige Spende leisten:<\/p>\n\n\n\n<div class=\"wp-block-group alignfull has-text-color has-background\" style=\"color:#000000;background-color:#ffffff\"><div class=\"wp-block-group__inner-container is-layout-flow wp-block-group-is-layout-flow\">\n<div style=\"height:14px\" aria-hidden=\"true\" class=\"wp-block-spacer\"><\/div>\n\n\n\n<div class=\"wp-block-buttons is-horizontal is-content-justification-center is-layout-flex wp-container-core-buttons-is-layout-499968f5 wp-block-buttons-is-layout-flex\">\n<div class=\"wp-block-button has-custom-width wp-block-button__width-50\"><a class=\"wp-block-button__link has-text-color has-background wp-element-button\" href=\"https:\/\/donate.stripe.com\/bIY6q21OZ9cLgzm6oo\" style=\"border-radius:50px;color:#ffffff;background-color:#000000\"><strong>SPENDEN<\/strong><\/a><\/div>\n<\/div>\n\n\n\n<div style=\"height:64px\" aria-hidden=\"true\" class=\"wp-block-spacer\"><\/div>\n<\/div><\/div>\n\n\n\n<h2 class=\"wp-block-heading\"><br>Unsere Lebensretter<\/h2>\n\n\n\n<p><br>In Nieder\u00f6sterreich gibt es bereits seit Jahren einige First Responder. Manche sind \u00fcber eine Gemeinde organisiert, wie zum Beispiel die First Responder Fischamend, die wohl am Bekanntesten sind. Andere werden von den regul\u00e4ren Rettungsdiensten wie Arbeiter-Samariterbund-Nieder\u00f6sterreich als auch dem Roten Kreuz in Nieder\u00f6sterreich bereitgestellt.<\/p>\n\n\n\n<p>Das Problem ist, dass dies nicht fl\u00e4chendeckend geschieht und beispielsweise ein ASB-Mitarbeiter nicht in einem &#8222;Rot-Kreuz-Revier&#8220; aktiv werden kann. <\/p>\n\n\n\n<p>\u00dcber unseren Verein ist das anders. Jeder Sanit\u00e4ter, Sanit\u00e4terin oder DGKP egal aus welcher Organisation ist willkommen und kann in seinem Wohnort einen wertvollen Beitrag zur Verk\u00fcrzung des therapiefreien Intervalls leisten.<\/p>\n\n\n\n<figure class=\"wp-block-pullquote\"><blockquote><p><sub>&#8222;Meine Bezirksstelle bietet leider keine M\u00f6glichkeit, um mich als First Responder zu engagieren!<br>Durch die First Responder Nieder\u00f6sterreich wird es nun endlich m\u00f6glich sein, in meinem Umfeld rasch zu helfen, wenn es notwendig ist. Was mir gef\u00e4llt, ist der klare Fokus auf lebensrettende Sofortmassnahmen und die Beschr\u00e4nkung auf das Wesentliche.&#8220;<\/sub><\/p><cite><em><sup><em>Daniel &#8211; 33 Jahre &#8211; Notfallsanit\u00e4ter NKV<\/em><\/sup><\/em><\/cite><\/blockquote><\/figure>\n\n\n\n<figure class=\"wp-block-image size-large\"><img loading=\"lazy\" decoding=\"async\" width=\"1024\" height=\"768\" src=\"https:\/\/first-responder.at\/wp-content\/uploads\/2025\/10\/IMG_7362-2-1024x768.jpg\" alt=\"\" class=\"wp-image-412\" srcset=\"https:\/\/first-responder.at\/wp-content\/uploads\/2025\/10\/IMG_7362-2-1024x768.jpg 1024w, https:\/\/first-responder.at\/wp-content\/uploads\/2025\/10\/IMG_7362-2-300x225.jpg 300w, https:\/\/first-responder.at\/wp-content\/uploads\/2025\/10\/IMG_7362-2-768x576.jpg 768w, https:\/\/first-responder.at\/wp-content\/uploads\/2025\/10\/IMG_7362-2-1536x1152.jpg 1536w, https:\/\/first-responder.at\/wp-content\/uploads\/2025\/10\/IMG_7362-2-2048x1536.jpg 2048w\" sizes=\"auto, (max-width: 1024px) 100vw, 1024px\" \/><\/figure>\n\n\n\n<figure class=\"wp-block-pullquote\"><blockquote><p><sub>&#8222;Ich arbeite hauptberuflich in Wien und wohne circa 20km entfernt in Nieder\u00f6sterreich.<br>Bisher gab, es keine M\u00f6glichkeit, in meinem Heimatort als First Responder aktiv zu werden. Ich freue mich, die First Responder Nieder\u00f6stereich in meiner Freizeit, wann immer es mir m\u00f6glich ist, zu unterst\u00fctzen. Gerade jetzt, wo das Rettungswesen durch den Gesundheitspakt 2040+ umgestaltet wird, werde ich einen wichtigen Beitrag leisten k\u00f6nnen.&#8220;<\/sub><\/p><cite><em><sup><em>Thomas &#8211; 29 Jahre &#8211; Notfallsanit\u00e4ter NKV<\/em><\/sup><\/em><\/cite><\/blockquote><\/figure>\n\n\n\n<figure class=\"wp-block-pullquote\"><blockquote><p><sub>&#8222;F\u00fcr Sanit\u00e4ter des Bundesheeres gab es bisher in Nieder\u00f6sterreich keine M\u00f6glichkeit, sich aktiv in ihrer Heimatgemeinde einzubringen und vor Ort lebensrettende Sofortmassnahmen zu erbringen.<br>Ich bin froh, dass endlich jemand dieses Thema angeht und ich bin stolz darauf, Teil dieses Teams zu sein und auch in meiner Freizeit meinem Bundesland und der Bev\u00f6lkerung zu dienen und das therapiefreie Intervall im Ernstfall deutlich zu verk\u00fcrzen. Gerade bei mir daheim sind die Wege lang und unwegsam und ich bin \u00fcberzeugt, mein Einsatz wird des\u00f6fteren den entscheidenden Unterschied machen!&#8220;<\/sub><\/p><cite><em><sup><em>Josef &#8211; 52 Jahre &#8211; Notfallsanit\u00e4ter NKI<\/em><\/sup><\/em><sup><br><\/sup><\/cite><\/blockquote><\/figure>\n\n\n<div class=\"alignright wp-block-site-logo\"><a href=\"https:\/\/first-responder.at\/\" class=\"custom-logo-link\" rel=\"home\"><img loading=\"lazy\" decoding=\"async\" width=\"106\" height=\"106\" src=\"https:\/\/first-responder.at\/wp-content\/uploads\/2024\/03\/FFNOe-Logo-Kopie.jpg\" class=\"custom-logo\" alt=\"First Responder Nieder\u00f6sterreich\" srcset=\"https:\/\/first-responder.at\/wp-content\/uploads\/2024\/03\/FFNOe-Logo-Kopie.jpg 283w, https:\/\/first-responder.at\/wp-content\/uploads\/2024\/03\/FFNOe-Logo-Kopie-150x150.jpg 150w\" sizes=\"auto, (max-width: 106px) 100vw, 106px\" \/><\/a><\/div>\n\n\n<div class=\"wp-block-buttons is-layout-flex wp-block-buttons-is-layout-flex\">\n<div class=\"wp-block-button\"><a class=\"wp-block-button__link wp-element-button\" href=\"https:\/\/www.first-responder.at\">Zur\u00fcck zur Homepage<\/a><\/div>\n<\/div>\n\n\n\n<p><\/p>\n\n\n\n<p><\/p>\n\n\n\n<h2 class=\"wp-block-heading\">Aus Liebe zum Helfen<\/h2>\n\n\n\n<p><\/p>\n\n\n\n<p>Wir sind organisations\u00fcbergreifend. Wir sind keine Konkurrenz zum regul\u00e4ren Rettungsdienst, sondern verstehen uns als Unterst\u00fctzung bei einem System, wo es aufgrund der grossen Fl\u00e4che unseres wundersch\u00f6nen Bundeslandes auch mal zu Wartezeiten kommen kann, insbesondere wenn es um zeitkritische Notf\u00e4lle geht.  Selbst 15 Minuten k\u00f6nnen dann eine Ewigkeit sein und wer 15 Minuten nicht mehr atmet, dem ist dann auch nicht mehr zu helfen. Daher ben\u00f6tigen wir noch viel mehr engagierte gut ausgebildete First Responder.<\/p>\n\n\n\n<div class=\"wp-block-buttons is-content-justification-right is-layout-flex wp-container-core-buttons-is-layout-765c4724 wp-block-buttons-is-layout-flex\">\n<div class=\"wp-block-button\"><a class=\"wp-block-button__link wp-element-button\" href=\"mailto:hilfe@first-responder.at\">Ich will mitmachen!<\/a><\/div>\n<\/div>\n\n\n\n<p>Melde Dich bei uns, wenn Du Interesse an einer Mitarbeit hast:    <\/p>\n","protected":false},"excerpt":{"rendered":"<p>Unsere Mitarbeiter und Ihre Motivation Unsere roten Engel Damit unsere Arbeit funktioniert, ben\u00f6tigen wir finanzielle Unterst\u00fctzung. Diese kommt einzig und allein von unseren gesch\u00e4tzten F\u00f6rdermitgliedern und freiwilligen Spendern. Vanessa, Katharina, Peter und Shadi sind f\u00fcr unsere F\u00f6rdermitglieder zust\u00e4ndig und beantworten alle Fragen zu den Mitgliedschaften. Wir freuen uns \u00fcber jedes neue Mitglied, dass wir begr\u00fcssen [&hellip;]<\/p>\n","protected":false},"author":2,"featured_media":194,"parent":0,"menu_order":0,"comment_status":"closed","ping_status":"closed","template":"","meta":{"footnotes":""},"class_list":["post-152","page","type-page","status-publish","has-post-thumbnail","hentry"],"_links":{"self":[{"href":"https:\/\/first-responder.at\/index.php?rest_route=\/wp\/v2\/pages\/152","targetHints":{"allow":["GET"]}}],"collection":[{"href":"https:\/\/first-responder.at\/index.php?rest_route=\/wp\/v2\/pages"}],"about":[{"href":"https:\/\/first-responder.at\/index.php?rest_route=\/wp\/v2\/types\/page"}],"author":[{"embeddable":true,"href":"https:\/\/first-responder.at\/index.php?rest_route=\/wp\/v2\/users\/2"}],"replies":[{"embeddable":true,"href":"https:\/\/first-responder.at\/index.php?rest_route=%2Fwp%2Fv2%2Fcomments&post=152"}],"version-history":[{"count":28,"href":"https:\/\/first-responder.at\/index.php?rest_route=\/wp\/v2\/pages\/152\/revisions"}],"predecessor-version":[{"id":429,"href":"https:\/\/first-responder.at\/index.php?rest_route=\/wp\/v2\/pages\/152\/revisions\/429"}],"wp:featuredmedia":[{"embeddable":true,"href":"https:\/\/first-responder.at\/index.php?rest_route=\/wp\/v2\/media\/194"}],"wp:attachment":[{"href":"https:\/\/first-responder.at\/index.php?rest_route=%2Fwp%2Fv2%2Fmedia&parent=152"}],"curies":[{"name":"wp","href":"https:\/\/api.w.org\/{rel}","templated":true}]}}